-17*((-198)/48 - (-4)/32)?
13
Let t(a) be the third derivative of a**4/8 + 6*a**3 + 30*a**2. What is the remainder when t(11) is divided by 19?
12
Let l(h) = -2*h. Suppose -3*k + 12 = -0*k. What is the remainder when l(-4) is divided by k?
0
Let y = -1 - -1. Suppose y = 3*v - 8*v. Suppose -3*d + v*d + 45 = 0. What is the remainder when 58 is divided by d?
13
Let y = -1312 - -1346. Calculate the remainder when 509 is divided by y.
33
Let n = 25 - 14. What is the remainder when 32 is divided by n?
10
Suppose -1080 = -5*h - 230. Let a = -16916 + 16959. Calculate the remainder when h is divided by a.
41
Suppose 2*i - 4*i = -y - 67, 5*i + 2*y - 181 = 0. Suppose 3*h = 2*q - i, 50 = q + h + 4*h. What is the remainder when q is divided by 7?
4
Let i = 797 + -714. What is the remainder when i is divided by 11?
6
Let d = -70 - -74. Suppose -3*l + d*l = 7. Calculate the remainder when l is divided by 5.
2
Suppose 5*p = 0, -k = p - 13 - 269. Suppose 9 = -3*v + k. What is the remainder when v is divided by 23?
22
Suppose -25*c = -23*c - 3*p - 62, 3*c + 4*p - 76 = 0. Calculate the remainder when c is divided by 18.
10
Suppose 30 = -7*p + 128. Let r = 17 - p. Calculate the remainder when 7 is divided by r.
1
Calculate the remainder when 149 is divided by (-6)/33 - 8270/(-110).
74
Suppose -7*m + 890 = -706. Calculate the remainder when m is divided by 46.
44
Let k = 640 + -635. Calculate the remainder when 9 is divided by k.
4
Calculate the remainder when 436/8*-2*-1 is divided by 10.
9
Suppose -2*p - 4*j = -32, -3*p - 7*j = -5*j - 68. Calculate the remainder when 205 is divided by p.
23
Suppose -4*o = -5*a - 351, -2*a + 8 - 14 = 0. Calculate the remainder when 232 is divided by o.
64
Suppose n + 4*t - 5 = 8*t, -23 = -n - 2*t. Calculate the remainder when ((-69)/1)/((-9)/6) is divided by n.
12
Let q(o) = 63*o - 83. Let m(n) = n + 4. Calculate the remainder when q(3) is divided by m(8).
10
Let q = 45 - 31. Let b = q + -15. What is the remainder when b - ((-3)/(-1) - 79) is divided by 19?
18
Let m be 22/55*10/2. Suppose -67 - 13 = -m*p. Suppose 2*j - 4*j = -42. What is the remainder when p is divided by j?
19
Suppose 3*i = -3*b - 48, -8 = -b + 4*i - 24. Let w = -7 - b. Calculate the remainder when 62 is divided by w.
8
Let x = 19 + -4. Suppose -3*m = -r - 222 - 2, r = 2*m - 150. What is the remainder when m is divided by x?
14
Let u(h) = -8*h + 340. What is the remainder when 202 is divided by u(36)?
46
Let g(y) = y**2 - 58*y + 23. Let t(f) = 4*f**2 + 3*f + 2. Calculate the remainder when g(0) is divided by t(-2).
11
What is the remainder when 2/36*27*928/6 is divided by 124?
108
Suppose -v - 3*x + 12 = -28, -2*v + 72 = 4*x. Calculate the remainder when v + -2 + 3/1 is divided by 19.
10
Suppose d - 5*y = 68, -d - 4*y + 80 = -3*y. Let z = d + -41. What is the remainder when z is divided by 19?
18
Suppose -32*b = -10*b - 132. What is the remainder when 11 is divided by b?
5
What is the remainder when ((-2)/1)/(3 + 861/(-285)) is divided by 810/25 - (-4)/(-10)?
31
Let d = 18 + -19. Calculate the remainder when (2/(-3))/(d/33) is divided by (-3)/4*(14 - 22).
4
Calculate the remainder when 298 + (-1 - -3) + (-176)/(-88) is divided by 101.
100
Suppose 3*f = 6, 0 = -4*b + 4*f - 5*f + 282. Calculate the remainder when b is divided by 8.
6
Suppose 0 = -p - 4*p + 15. Suppose -16 + 10 = -p*d. Suppose -3 = -4*j + 9. What is the remainder when j is divided by d?
1
Suppose o + 58 + 49 = 3*y, -4*o = 3*y - 127. What is the remainder when 553 is divided by y?
35
Let c be (-4)/(-8) - 0 - (-597)/(-6). Let n = c + 125. Calculate the remainder when n is divided by 6.
2
Let v(b) = -b. Let m(f) = 26*f + 2. Let z(w) = m(w) + 4*v(w). Calculate the remainder when z(2) is divided by 12/(18/120*5).
14
Let x(l) = -l**3 + 6*l**2 - 18*l + 56. Calculate the remainder when 62 is divided by x(4).
14
What is the remainder when 222 is divided by 335/6 - (-5 + 290/60)?
54
Let g(z) = -z**3 - 3*z**2 + 3. Suppose -21 = 4*o + 19. Let q = 7 + o. What is the remainder when 10 is divided by g(q)?
1
Suppose -63 - 15 = 13*p. Let o = 49 + p. What is the remainder when o is divided by 12?
7
Suppose -9*x + 1703 + 142 = 0. Calculate the remainder when x is divided by 21.
16
What is the remainder when 200 is divided by (91/(-78) + 1/6)*-34?
30
Let g = 72 - -144. Calculate the remainder when 44 is divided by 2/9 + 8/(g/399).
14
Let j(z) = -54*z. Calculate the remainder when j(-12) is divided by 11.
10
Let u(j) = 40*j + 0 + 1 - 57*j. Let l be u(-1). Suppose q - l = -0*q. Calculate the remainder when q is divided by 5.
3
Let b = 28 - 16. Suppose 2*q + 0*q - 80 = -5*y, -2*y + 4*q + 56 = 0. Let k(d) = -d**3 + 18*d**2 + 2*d - 13. What is the remainder when k(y) is divided by b?
11
Let i = 620 + -421. Let d = i + -106. Calculate the remainder when d is divided by 12.
9
Suppose 4*n = 36 + 24. Let v be (-4)/22 - 57/(-11). Suppose -c = v*r - 27, 4*c - 5*r = 76 + 107. What is the remainder when c is divided by n?
12
Let c(v) = v**3 - 19*v**2 + v - 9. Let r(m) = -m**3 - m**2 + 7*m - 1. Let d be r(-4). What is the remainder when 67 is divided by c(d)?
7
Suppose -4*j + 15 = -4*s - 17, 4*s = -8. Let t(o) = 5*o + 5. Calculate the remainder when t(j) is divided by 26.
9
Let a(m) = m**2 - 4*m - 4. Let z be a(5). Calculate the remainder when 192 is divided by 3 - (-42 - (5 - z)).
45
Let g(r) = r**2 - 9*r + 13. Suppose 4 = -h - 3. Let u = h - -10. What is the remainder when g(8) is divided by u?
2
Let c(i) = -2*i + 9. Let g(h) = -h. Let n(u) = 6*u. Let w(x) = -g(x) - n(x). Let l be w(2). Calculate the remainder when c(l) is divided by 6.
5
Suppose -3*x + 240 = 9*x. What is the remainder when 93 is divided by x?
13
Suppose 0 = 3*w - 4*w + b + 44, 3*b - 220 = -5*w. What is the remainder when 144 is divided by w?
12
Let w be 1 + -1 + 1 + -3. Let t be (w + 8/(-6))*-69. Suppose 3*m + t = 5*b + m, -2*m = 0. What is the remainder when b is divided by 16?
14
Let n(w) = -35*w. Let x(z) = -z**2 + 11*z + 13. Let l be x(9). Suppose 3*g + 2*r + 2*r = 77, -g + l = -4*r. Calculate the remainder when n(-3) is divided by g.
24
Let z(s) = -s**3 + 9*s**2 + 10*s - 14. Let b be z(10). Let j = b + 24. Let n = -6 + 10. Calculate the remainder when j is divided by n.
2
Let r(w) = 2*w**3 - 5*w**2 + 5*w - 9. Calculate the remainder when r(5) is divided by 23.
3
What is the remainder when 177/413 - 3690/(-14) is divided by 45?
39
Let g(l) = -13*l**3 + 5*l**2 + 5*l - 1. What is the remainder when g(-2) is divided by 10?
3
What is the remainder when 6/(1/2*6/63) is divided by 28?
14
Let x(a) = a - 3. Let k be x(-5). Let t = -89 - -126. Calculate the remainder when t is divided by 18/2 + k/(-8).
7
Suppose -3*s + 3209 = -5812. Calculate the remainder when s is divided by 16.
15
Suppose -2 = -0*v - v. Suppose 5*p + 6 + 19 = 5*n, -n - 2*p - 1 = 0. What is the remainder when n is divided by 25/10 - 3/v?
0
Let g = 534 + -296. Calculate the remainder when g is divided by 11.
7
Let u(w) = -w**2 + 10*w + 3. Suppose -2*i - i + 177 = 0. What is the remainder when i is divided by u(9)?
11
Calculate the remainder when (-226)/(-2) + 3 - (-3 - -5) is divided by 9.
6
What is the remainder when ((-2)/(-4) + -2)/(9/(-588)) is divided by 20?
18
Let n = -41 + 102. Suppose -5*v + n + 14 = 0. Calculate the remainder when 25 is divided by v.
10
Let k be 537 + 1 + 2 + 0. Let y(l) = 2*l. Let g be y(-2). Calculate the remainder when (g - 0)*k/(-48) is divided by 12.
9
Let p = 648 + -380. Let c = p - 188. What is the remainder when c is divided by 9?
8
Suppose 191 + 119 = 5*i. Suppose 4 = v + 4*n - 13, 3*v + n = i. Let t = 152 - 148. What is the remainder when v is divided by t?
1
Let z(n) = n**2 - 12*n + 9. Let d be z(12). Let g be (-3)/6*(1 - d). Suppose -2*t - 10 = 0, 17 = -y - g*t + 1. What is the remainder when 19 is divided by y?
3
Suppose v = 10*v - 198. Calculate the remainder when v is divided by 17.
5
Suppose w + 4 = 0, -12 - 221 = -3*n + 2*w. What is the remainder when n is divided by 58?
17
Suppose 0 = 5*q + 6 - 11. Let j(g) = 12*g**3 - 4*g + 1. What is the remainder when j(2) is divided by (q - 0)/(3/45)?
14
Suppose 1859 = 17*b - 7899. What is the remainder when b is divided by 96?
94
Let w(g) = g**3 + 7*g**2 - 3*g. Suppose 23*i - 30*i = -70. Suppose 17*t - 98 = i*t. 